{"id":90,"date":"2022-03-08T16:01:35","date_gmt":"2022-03-08T15:01:35","guid":{"rendered":"http:\/\/mbdd-solutions.com\/?page_id=90"},"modified":"2022-03-08T22:10:20","modified_gmt":"2022-03-08T21:10:20","slug":"nos-projets-innovants","status":"publish","type":"page","link":"https:\/\/mbdd-solutions.com\/index.php\/nos-projets-innovants\/","title":{"rendered":"R\u00e9alisations"},"content":{"rendered":"\n<p>\u2022Syst\u00e8me de positionnement temps r\u00e9el des trains (SNCF)<\/p>\n\n\n\n<div class=\"wp-block-columns is-layout-flex wp-container-core-columns-is-layout-9d6595d7 wp-block-columns-is-layout-flex\">\n<div class=\"wp-block-column is-layout-flow wp-block-column-is-layout-flow\" style=\"flex-basis:100%\">\n<p>Solution bas\u00e9e sur nos algorithmes innovants <a href=\"https:\/\/mbdd-solutions.com\/index.php\/railmatcher\/\" data-type=\"page\" data-id=\"118\">RailMatcher<\/a><\/p>\n<\/div>\n<\/div>\n\n\n\n<p>\u2022\u00c9tude comparative capteurs GPS et inertiels des trains (SNCF) <\/p>\n\n\n\n<p>\u2022Syst\u00e8me de positionnement centim\u00e9trique (Agriculture) <\/p>\n\n\n\n<p>\u2022Application Mobile de prise de points de mesures ( G\u00e9om\u00e8tres) <\/p>\n","protected":false},"excerpt":{"rendered":"<p>\u2022Syst\u00e8me de positionnement temps r\u00e9el des trains (SNCF) Solution bas\u00e9e sur nos algorithmes innovants RailMatcher \u2022\u00c9tude comparative capteurs GPS et inertiels des trains (SNCF) \u2022Syst\u00e8me de positionnement centim\u00e9trique (Agriculture) \u2022Application Mobile de prise de points de mesures ( G\u00e9om\u00e8tres)<\/p>\n","protected":false},"author":1,"featured_media":0,"parent":0,"menu_order":0,"comment_status":"closed","ping_status":"closed","template":"","meta":{"footnotes":""},"class_list":["post-90","page","type-page","status-publish","hentry"],"_links":{"self":[{"href":"https:\/\/mbdd-solutions.com\/index.php\/wp-json\/wp\/v2\/pages\/90","targetHints":{"allow":["GET"]}}],"collection":[{"href":"https:\/\/mbdd-solutions.com\/index.php\/wp-json\/wp\/v2\/pages"}],"about":[{"href":"https:\/\/mbdd-solutions.com\/index.php\/wp-json\/wp\/v2\/types\/page"}],"author":[{"embeddable":true,"href":"https:\/\/mbdd-solutions.com\/index.php\/wp-json\/wp\/v2\/users\/1"}],"replies":[{"embeddable":true,"href":"https:\/\/mbdd-solutions.com\/index.php\/wp-json\/wp\/v2\/comments?post=90"}],"version-history":[{"count":12,"href":"https:\/\/mbdd-solutions.com\/index.php\/wp-json\/wp\/v2\/pages\/90\/revisions"}],"predecessor-version":[{"id":189,"href":"https:\/\/mbdd-solutions.com\/index.php\/wp-json\/wp\/v2\/pages\/90\/revisions\/189"}],"wp:attachment":[{"href":"https:\/\/mbdd-solutions.com\/index.php\/wp-json\/wp\/v2\/media?parent=90"}],"curies":[{"name":"wp","href":"https:\/\/api.w.org\/{rel}","templated":true}]}}